{"id":944,"date":"2018-10-20T09:48:13","date_gmt":"2018-10-20T09:48:13","guid":{"rendered":"https:\/\/physio-balmer.ch\/?page_id=944"},"modified":"2023-12-15T14:09:30","modified_gmt":"2023-12-15T14:09:30","slug":"kurse","status":"publish","type":"page","link":"https:\/\/physio-balmer.ch\/?page_id=944","title":{"rendered":"Kurse"},"content":{"rendered":"\r\n<section class=\"sh-section sh-section-fd628fda67c1d4744a98827881bc351c fw-main-row sh-section-visibility-everywhere\">\r\n\t\r\n\t\r\n\t<div class=\"sh-section-container container\">\r\n\t\t<div class=\"fw-row\">\n\t\r\n<div class=\"sh-column sh-column-ea103fdfcc95b2f0dba002d031035dd6 fw-col-xs-12\" >\r\n\r\n\t\r\n\t<div class=\"sh-column-wrapper\">\r\n\t\t\r\n<div id=\"text-block-c36a470a3fb185b8af626939942e08ec\" class=\"sh-text-block\">\r\n\t<p><strong>Medizinische Trainingstherapie (MTT): Fitnesscenter<\/strong><\/p><p>Von mir kompetent angeleitetes Trainingsprogramm mit Erstellung eines individuellen Trainingsprotokolls. Innerhalb der 3 Monate werden wir 2 Kontrollen durchf\u00fchren, wo wir den Trainingserfolg anschauen und Anpassungen\/Steigerungen besprechen werden.<\/p><p>Auch die Kosten des medizinischen Trainings werden von den Krankenkassen- und Unfallversicherungen auf \u00e4rztliche Verordnung \u00fcbernommen. Pro Diagnose erh\u00e4lt der Patient 3 Monate MTT zugesprochen.<\/p><p>Bei Interesse kann anschliessend ein Abonnement im Fitnessstudio gel\u00f6st werden.<\/p><\/div>\r\n\t<\/div>\r\n\r\n\r\n\t\t\r\n\r\n<\/div>\r\n<\/div>\n\n\t<\/div>\r\n<\/section>\r\n\n","protected":false},"excerpt":{"rendered":"<p>Medizinische Trainingstherapie (MTT): FitnesscenterVon mir kompetent angeleitetes Trainingsprogramm mit Erstellung eines individuellen Trainingsprotokolls. Innerhalb der 3 Monate werden wir 2 Kontrollen durchf\u00fchren, wo wir den Trainingserfolg anschauen und Anpassungen\/Steigerungen besprechen werden.Auch die Kosten des medizinischen Trainings werden von den Krankenkassen- und Unfallversicherungen auf \u00e4rztliche Verordnung&#8230;<\/p>\n","protected":false},"author":1,"featured_media":0,"parent":0,"menu_order":0,"comment_status":"closed","ping_status":"closed","template":"","meta":{"footnotes":""},"class_list":["post-944","page","type-page","status-publish","hentry"],"_links":{"self":[{"href":"https:\/\/physio-balmer.ch\/index.php?rest_route=\/wp\/v2\/pages\/944","targetHints":{"allow":["GET"]}}],"collection":[{"href":"https:\/\/physio-balmer.ch\/index.php?rest_route=\/wp\/v2\/pages"}],"about":[{"href":"https:\/\/physio-balmer.ch\/index.php?rest_route=\/wp\/v2\/types\/page"}],"author":[{"embeddable":true,"href":"https:\/\/physio-balmer.ch\/index.php?rest_route=\/wp\/v2\/users\/1"}],"replies":[{"embeddable":true,"href":"https:\/\/physio-balmer.ch\/index.php?rest_route=%2Fwp%2Fv2%2Fcomments&post=944"}],"version-history":[{"count":9,"href":"https:\/\/physio-balmer.ch\/index.php?rest_route=\/wp\/v2\/pages\/944\/revisions"}],"predecessor-version":[{"id":1375,"href":"https:\/\/physio-balmer.ch\/index.php?rest_route=\/wp\/v2\/pages\/944\/revisions\/1375"}],"wp:attachment":[{"href":"https:\/\/physio-balmer.ch\/index.php?rest_route=%2Fwp%2Fv2%2Fmedia&parent=944"}],"curies":[{"name":"wp","href":"https:\/\/api.w.org\/{rel}","templated":true}]}}